{"id":4382,"date":"2024-03-11T14:16:42","date_gmt":"2024-03-11T17:16:42","guid":{"rendered":"http:\/\/www.his.puc-rio.br\/pb\/?post_type=tribe_events&#038;p=4382"},"modified":"2024-03-11T14:16:42","modified_gmt":"2024-03-11T17:16:42","slug":"60-anos-do-comicio-da-central-e-o-lancamento-da-exposicao-rio-64-a-capital-do-golpe","status":"publish","type":"tribe_events","link":"https:\/\/www.his.puc-rio.br\/en\/event\/60-anos-do-comicio-da-central-e-o-lancamento-da-exposicao-rio-64-a-capital-do-golpe\/","title":{"rendered":"60 anos do Com\u00edcio da Central e o lan\u00e7amento da exposi\u00e7\u00e3o &#8220;Rio 64 &#8211; a capital do golpe&#8221;"},"content":{"rendered":"<p><strong>O Rio Mem\u00f3rias<\/strong>\u00a0e a<strong>\u00a0Associa\u00e7\u00e3o Brasileira de Imprensa (ABI)\u00a0<\/strong>convidam para evento sobre os\u00a060 anos do Com\u00edcio da Central e o lan\u00e7amento da exposi\u00e7\u00e3o &#8220;Rio 64 &#8211; a capital do golpe&#8221;, no dia 13 de mar\u00e7o, \u00e0s 16h.<\/p>\n<p>No evento da ABI estar\u00e3o presentes\u00a0parentes de importantes\u00a0personalidades que participaram do com\u00edcio. Gabriel do Vale, cantor e neto do poeta Jo\u00e3o do Vale, far\u00e1 uma participa\u00e7\u00e3o especial.<\/p>\n<p>No foyer ao lado do audit\u00f3rio,\u00a0a exposi\u00e7\u00e3o &#8220;Rio 64 &#8211; a capital do golpe&#8221; &#8211; em cartaz at\u00e9 o dia 13 de abril &#8211;\u00a0 relembra os principais acontecimentos que culminaram no golpe na madrugada do dia 01 de abril e o contexto cultural e intelectual da \u00e9poca.\u00a0 Simultaneamente \u00e0 inaugura\u00e7\u00e3o da exposi\u00e7\u00e3o f\u00edsica, ser\u00e1 lan\u00e7ada a vers\u00e3o virtual no site Rio Mem\u00f3rias (<a href=\"http:\/\/www.riomemorias.com.br\/\">www.riomemorias.com.br<\/a>) onde os visitantes poder\u00e3o acessar, na \u00edntegra, as mem\u00f3rias apresentadas na exposi\u00e7\u00e3o f\u00edsica, al\u00e9m de outros acontecimentos.<\/p>\n<p>A curadoria da exposi\u00e7\u00e3o \u00e9 assinada por Heloisa Starling, escritora, historiadora, professora da Universidade Federal de Minas Gerais (UFMG) e coordenadora do Projeto Rep\u00fablica, e Danilo Marques, doutor em hist\u00f3ria pela UFMG e pesquisador do Projeto Rep\u00fablica.<\/p>\n<p><strong>Data: 13 de mar\u00e7o de 2024 \u00e0s 16h<\/strong><br \/>\n<strong>Local: Sede ABI &#8211; Rua Ara\u00fajo Porto Alegre 71 &#8211; 9o andar<\/strong><\/p>\n","protected":false},"excerpt":{"rendered":"<p>O Rio Mem\u00f3rias\u00a0e a\u00a0Associa\u00e7\u00e3o Brasileira de Imprensa (ABI)\u00a0convidam para evento sobre os\u00a060 anos do Com\u00edcio da Central e o lan\u00e7amento da exposi\u00e7\u00e3o &#8220;Rio 64 &#8211; a capital do golpe&#8221;, no dia 13 de mar\u00e7o, \u00e0s 16h. No evento da ABI<a class=\"moretag\" href=\"https:\/\/www.his.puc-rio.br\/en\/event\/60-anos-do-comicio-da-central-e-o-lancamento-da-exposicao-rio-64-a-capital-do-golpe\/\">&#8230;<\/a><\/br><a href=\"https:\/\/www.his.puc-rio.br\/en\/event\/60-anos-do-comicio-da-central-e-o-lancamento-da-exposicao-rio-64-a-capital-do-golpe\/\" class=\"read-more\">Leia mais..  <span class=\"glyphicon glyphicon-chevron-right\" ><\/span><\/a><\/p>\n","protected":false},"author":1,"featured_media":0,"comment_status":"closed","ping_status":"closed","template":"","meta":{"_tribe_events_status":"","_tribe_events_status_reason":"","footnotes":""},"tags":[],"tribe_events_cat":[],"yoast_head":"<!-- This site is optimized with the Yoast SEO plugin v23.5 - https:\/\/yoast.com\/wordpress\/plugins\/seo\/ -->\n<title>60 anos do Com\u00edcio da Central e o lan\u00e7amento da exposi\u00e7\u00e3o &quot;Rio 64 - a capital do golpe&quot; - Departamento de Hist\u00f3ria da PUC-Rio<\/title>\n<meta name=\"robots\" content=\"index, follow, max-snippet:-1, max-image-preview:large, max-video-preview:-1\" \/>\n<link rel=\"canonical\" href=\"http:\/\/www.his.puc-rio.br\/en\/event\/60-anos-do-comicio-da-central-e-o-lancamento-da-exposicao-rio-64-a-capital-do-golpe\/\" \/>\n<meta property=\"og:locale\" content=\"en_US\" \/>\n<meta property=\"og:type\" content=\"article\" \/>\n<meta property=\"og:title\" content=\"60 anos do Com\u00edcio da Central e o lan\u00e7amento da exposi\u00e7\u00e3o &quot;Rio 64 - a capital do golpe&quot; - Departamento de Hist\u00f3ria da PUC-Rio\" \/>\n<meta property=\"og:description\" content=\"O Rio Mem\u00f3rias\u00a0e a\u00a0Associa\u00e7\u00e3o Brasileira de Imprensa (ABI)\u00a0convidam para evento sobre os\u00a060 anos do Com\u00edcio da Central e o lan\u00e7amento da exposi\u00e7\u00e3o &#8220;Rio 64 &#8211; a capital do golpe&#8221;, no dia 13 de mar\u00e7o, \u00e0s 16h. No evento da ABI...Leia mais..\" \/>\n<meta property=\"og:url\" content=\"http:\/\/www.his.puc-rio.br\/en\/event\/60-anos-do-comicio-da-central-e-o-lancamento-da-exposicao-rio-64-a-capital-do-golpe\/\" \/>\n<meta property=\"og:site_name\" content=\"Departamento de Hist\u00f3ria da PUC-Rio\" \/>\n<meta name=\"twitter:card\" content=\"summary_large_image\" \/>\n<meta name=\"twitter:label1\" content=\"Est. reading time\" \/>\n\t<meta name=\"twitter:data1\" content=\"2 minutes\" \/>\n<script type=\"application\/ld+json\" class=\"yoast-schema-graph\">{\"@context\":\"https:\/\/schema.org\",\"@graph\":[{\"@type\":\"WebPage\",\"@id\":\"http:\/\/www.his.puc-rio.br\/en\/event\/60-anos-do-comicio-da-central-e-o-lancamento-da-exposicao-rio-64-a-capital-do-golpe\/\",\"url\":\"http:\/\/www.his.puc-rio.br\/en\/event\/60-anos-do-comicio-da-central-e-o-lancamento-da-exposicao-rio-64-a-capital-do-golpe\/\",\"name\":\"60 anos do Com\u00edcio da Central e o lan\u00e7amento da exposi\u00e7\u00e3o \\\"Rio 64 - a capital do golpe\\\" - Departamento de Hist\u00f3ria da PUC-Rio\",\"isPartOf\":{\"@id\":\"http:\/\/www.his.puc-rio.br\/en\/#website\"},\"datePublished\":\"2024-03-11T17:16:42+00:00\",\"dateModified\":\"2024-03-11T17:16:42+00:00\",\"breadcrumb\":{\"@id\":\"http:\/\/www.his.puc-rio.br\/en\/event\/60-anos-do-comicio-da-central-e-o-lancamento-da-exposicao-rio-64-a-capital-do-golpe\/#breadcrumb\"},\"inLanguage\":\"en-US\",\"potentialAction\":[{\"@type\":\"ReadAction\",\"target\":[[\"http:\/\/www.his.puc-rio.br\/en\/event\/60-anos-do-comicio-da-central-e-o-lancamento-da-exposicao-rio-64-a-capital-do-golpe\/\"]]}]},{\"@type\":\"BreadcrumbList\",\"@id\":\"http:\/\/www.his.puc-rio.br\/en\/event\/60-anos-do-comicio-da-central-e-o-lancamento-da-exposicao-rio-64-a-capital-do-golpe\/#breadcrumb\",\"itemListElement\":[{\"@type\":\"ListItem\",\"position\":1,\"name\":\"In\u00edcio\",\"item\":\"http:\/\/www.his.puc-rio.br\/en\/\"},{\"@type\":\"ListItem\",\"position\":2,\"name\":\"Eventos\",\"item\":\"http:\/\/www.his.puc-rio.br\/en\/http-www-his-puc-rio-br-calendario\/\"},{\"@type\":\"ListItem\",\"position\":3,\"name\":\"60 anos do Com\u00edcio da Central e o lan\u00e7amento da exposi\u00e7\u00e3o &#8220;Rio 64 &#8211; a capital do golpe&#8221;\"}]},{\"@type\":\"WebSite\",\"@id\":\"http:\/\/www.his.puc-rio.br\/en\/#website\",\"url\":\"http:\/\/www.his.puc-rio.br\/en\/\",\"name\":\"Departamento de Hist\u00f3ria da PUC-Rio\",\"description\":\"Cursos de Gradua\u00e7\u00e3o, P\u00f3s-gradua\u00e7\u00e3o, Mestrado e Doutorado\",\"potentialAction\":[{\"@type\":\"SearchAction\",\"target\":{\"@type\":\"EntryPoint\",\"urlTemplate\":\"http:\/\/www.his.puc-rio.br\/en\/?s={search_term_string}\"},\"query-input\":{\"@type\":\"PropertyValueSpecification\",\"valueRequired\":true,\"valueName\":\"search_term_string\"}}],\"inLanguage\":\"en-US\"}]}<\/script>\n<!-- \/ Yoast SEO plugin. -->","yoast_head_json":{"title":"60 anos do Com\u00edcio da Central e o lan\u00e7amento da exposi\u00e7\u00e3o \"Rio 64 - a capital do golpe\" - Departamento de Hist\u00f3ria da PUC-Rio","robots":{"index":"index","follow":"follow","max-snippet":"max-snippet:-1","max-image-preview":"max-image-preview:large","max-video-preview":"max-video-preview:-1"},"canonical":"http:\/\/www.his.puc-rio.br\/en\/event\/60-anos-do-comicio-da-central-e-o-lancamento-da-exposicao-rio-64-a-capital-do-golpe\/","og_locale":"en_US","og_type":"article","og_title":"60 anos do Com\u00edcio da Central e o lan\u00e7amento da exposi\u00e7\u00e3o \"Rio 64 - a capital do golpe\" - Departamento de Hist\u00f3ria da PUC-Rio","og_description":"O Rio Mem\u00f3rias\u00a0e a\u00a0Associa\u00e7\u00e3o Brasileira de Imprensa (ABI)\u00a0convidam para evento sobre os\u00a060 anos do Com\u00edcio da Central e o lan\u00e7amento da exposi\u00e7\u00e3o &#8220;Rio 64 &#8211; a capital do golpe&#8221;, no dia 13 de mar\u00e7o, \u00e0s 16h. No evento da ABI...Leia mais..","og_url":"http:\/\/www.his.puc-rio.br\/en\/event\/60-anos-do-comicio-da-central-e-o-lancamento-da-exposicao-rio-64-a-capital-do-golpe\/","og_site_name":"Departamento de Hist\u00f3ria da PUC-Rio","twitter_card":"summary_large_image","twitter_misc":{"Est. reading time":"2 minutes"},"schema":{"@context":"https:\/\/schema.org","@graph":[{"@type":"WebPage","@id":"http:\/\/www.his.puc-rio.br\/en\/event\/60-anos-do-comicio-da-central-e-o-lancamento-da-exposicao-rio-64-a-capital-do-golpe\/","url":"http:\/\/www.his.puc-rio.br\/en\/event\/60-anos-do-comicio-da-central-e-o-lancamento-da-exposicao-rio-64-a-capital-do-golpe\/","name":"60 anos do Com\u00edcio da Central e o lan\u00e7amento da exposi\u00e7\u00e3o \"Rio 64 - a capital do golpe\" - Departamento de Hist\u00f3ria da PUC-Rio","isPartOf":{"@id":"http:\/\/www.his.puc-rio.br\/en\/#website"},"datePublished":"2024-03-11T17:16:42+00:00","dateModified":"2024-03-11T17:16:42+00:00","breadcrumb":{"@id":"http:\/\/www.his.puc-rio.br\/en\/event\/60-anos-do-comicio-da-central-e-o-lancamento-da-exposicao-rio-64-a-capital-do-golpe\/#breadcrumb"},"inLanguage":"en-US","potentialAction":[{"@type":"ReadAction","target":[["http:\/\/www.his.puc-rio.br\/en\/event\/60-anos-do-comicio-da-central-e-o-lancamento-da-exposicao-rio-64-a-capital-do-golpe\/"]]}]},{"@type":"BreadcrumbList","@id":"http:\/\/www.his.puc-rio.br\/en\/event\/60-anos-do-comicio-da-central-e-o-lancamento-da-exposicao-rio-64-a-capital-do-golpe\/#breadcrumb","itemListElement":[{"@type":"ListItem","position":1,"name":"In\u00edcio","item":"http:\/\/www.his.puc-rio.br\/en\/"},{"@type":"ListItem","position":2,"name":"Eventos","item":"http:\/\/www.his.puc-rio.br\/en\/http-www-his-puc-rio-br-calendario\/"},{"@type":"ListItem","position":3,"name":"60 anos do Com\u00edcio da Central e o lan\u00e7amento da exposi\u00e7\u00e3o &#8220;Rio 64 &#8211; a capital do golpe&#8221;"}]},{"@type":"WebSite","@id":"http:\/\/www.his.puc-rio.br\/en\/#website","url":"http:\/\/www.his.puc-rio.br\/en\/","name":"Departamento de Hist\u00f3ria da PUC-Rio","description":"Cursos de Gradua\u00e7\u00e3o, P\u00f3s-gradua\u00e7\u00e3o, Mestrado e Doutorado","potentialAction":[{"@type":"SearchAction","target":{"@type":"EntryPoint","urlTemplate":"http:\/\/www.his.puc-rio.br\/en\/?s={search_term_string}"},"query-input":{"@type":"PropertyValueSpecification","valueRequired":true,"valueName":"search_term_string"}}],"inLanguage":"en-US"}]}},"_links":{"self":[{"href":"https:\/\/www.his.puc-rio.br\/en\/wp-json\/wp\/v2\/tribe_events\/4382"}],"collection":[{"href":"https:\/\/www.his.puc-rio.br\/en\/wp-json\/wp\/v2\/tribe_events"}],"about":[{"href":"https:\/\/www.his.puc-rio.br\/en\/wp-json\/wp\/v2\/types\/tribe_events"}],"author":[{"embeddable":true,"href":"https:\/\/www.his.puc-rio.br\/en\/wp-json\/wp\/v2\/users\/1"}],"replies":[{"embeddable":true,"href":"https:\/\/www.his.puc-rio.br\/en\/wp-json\/wp\/v2\/comments?post=4382"}],"version-history":[{"count":1,"href":"https:\/\/www.his.puc-rio.br\/en\/wp-json\/wp\/v2\/tribe_events\/4382\/revisions"}],"predecessor-version":[{"id":4383,"href":"https:\/\/www.his.puc-rio.br\/en\/wp-json\/wp\/v2\/tribe_events\/4382\/revisions\/4383"}],"wp:attachment":[{"href":"https:\/\/www.his.puc-rio.br\/en\/wp-json\/wp\/v2\/media?parent=4382"}],"wp:term":[{"taxonomy":"post_tag","embeddable":true,"href":"https:\/\/www.his.puc-rio.br\/en\/wp-json\/wp\/v2\/tags?post=4382"},{"taxonomy":"tribe_events_cat","embeddable":true,"href":"https:\/\/www.his.puc-rio.br\/en\/wp-json\/wp\/v2\/tribe_events_cat?post=4382"}],"curies":[{"name":"wp","href":"https:\/\/api.w.org\/{rel}","templated":true}]}}

60 anos do Comício da Central e o lançamento da exposição &#8220;Rio 64 &#8211; a capital do golpe&#8221;

<p><strong>O Rio Memórias</strong> e a<strong> Associação Brasileira de Imprensa (ABI) </strong>convidam para evento sobre os 60 anos do Comício da Central e o lançamento da exposição &#8220;Rio 64 &#8211; a capital do golpe&#8221;, no dia 13 de março, às 16h.</p>
<p>No evento da ABI estarão presentes parentes de importantes personalidades que participaram do comício. Gabriel do Vale, cantor e neto do poeta João do Vale, fará uma participação especial.</p>
<p>No foyer ao lado do auditório, a exposição &#8220;Rio 64 &#8211; a capital do golpe&#8221; &#8211; em cartaz até o dia 13 de abril &#8211;  relembra os principais acontecimentos que culminaram no golpe na madrugada do dia 01 de abril e o contexto cultural e intelectual da época.  Simultaneamente à inauguração da exposição física, será lançada a versão virtual no site Rio Memórias (<a href="http://www.riomemorias.com.br/">www.riomemorias.com.br</a>) onde os visitantes poderão acessar, na íntegra, as memórias apresentadas na exposição física, além de outros acontecimentos.</p>
<p>A curadoria da exposição é assinada por Heloisa Starling, escritora, historiadora, professora da Universidade Federal de Minas Gerais (UFMG) e coordenadora do Projeto República, e Danilo Marques, doutor em história pela UFMG e pesquisador do Projeto República.</p>
<p><strong>Data: 13 de março de 2024 às 16h</strong><br />
<strong>Local: Sede ABI &#8211; Rua Araújo Porto Alegre 71 &#8211; 9o andar</strong></p>

<p>O Rio Memórias e a Associação Brasileira de Imprensa (ABI) convidam para evento sobre os 60 anos do Comício da Central e o lançamento da exposição &#8220;Rio 64 &#8211; a capital do golpe&#8221;, no dia 13 de março, às 16h. No evento da ABI<a class="moretag" href="https://www.his.puc-rio.br/en/event/60-anos-do-comicio-da-central-e-o-lancamento-da-exposicao-rio-64-a-capital-do-golpe/">&#8230;</a></br><a href="https://www.his.puc-rio.br/en/event/60-anos-do-comicio-da-central-e-o-lancamento-da-exposicao-rio-64-a-capital-do-golpe/" class="read-more">Leia mais..  <span class="glyphicon glyphicon-chevron-right" ></span></a></p>

<!-- This site is optimized with the Yoast SEO plugin v23.5 - https://yoast.com/wordpress/plugins/seo/ -->
<title>60 anos do Comício da Central e o lançamento da exposição &quot;Rio 64 - a capital do golpe&quot; - Departamento de História da PUC-Rio</title>
<meta name="robots" content="index, follow, max-snippet:-1, max-image-preview:large, max-video-preview:-1" />
<link rel="canonical" href="http://www.his.puc-rio.br/en/event/60-anos-do-comicio-da-central-e-o-lancamento-da-exposicao-rio-64-a-capital-do-golpe/" />
<meta property="og:locale" content="en_US" />
<meta property="og:type" content="article" />
<meta property="og:title" content="60 anos do Comício da Central e o lançamento da exposição &quot;Rio 64 - a capital do golpe&quot; - Departamento de História da PUC-Rio" />
<meta property="og:description" content="O Rio Memórias e a Associação Brasileira de Imprensa (ABI) convidam para evento sobre os 60 anos do Comício da Central e o lançamento da exposição &#8220;Rio 64 &#8211; a capital do golpe&#8221;, no dia 13 de março, às 16h. No evento da ABI...Leia mais.." />
<meta property="og:url" content="http://www.his.puc-rio.br/en/event/60-anos-do-comicio-da-central-e-o-lancamento-da-exposicao-rio-64-a-capital-do-golpe/" />
<meta property="og:site_name" content="Departamento de História da PUC-Rio" />
<meta name="twitter:card" content="summary_large_image" />
<meta name="twitter:label1" content="Est. reading time" />
	<meta name="twitter:data1" content="2 minutes" />
<script type="application/ld+json" class="yoast-schema-graph">{"@context":"https://schema.org","@graph":[{"@type":"WebPage","@id":"http://www.his.puc-rio.br/en/event/60-anos-do-comicio-da-central-e-o-lancamento-da-exposicao-rio-64-a-capital-do-golpe/","url":"http://www.his.puc-rio.br/en/event/60-anos-do-comicio-da-central-e-o-lancamento-da-exposicao-rio-64-a-capital-do-golpe/","name":"60 anos do Comício da Central e o lançamento da exposição \"Rio 64 - a capital do golpe\" - Departamento de História da PUC-Rio","isPartOf":{"@id":"http://www.his.puc-rio.br/en/#website"},"datePublished":"2024-03-11T17:16:42+00:00","dateModified":"2024-03-11T17:16:42+00:00","breadcrumb":{"@id":"http://www.his.puc-rio.br/en/event/60-anos-do-comicio-da-central-e-o-lancamento-da-exposicao-rio-64-a-capital-do-golpe/#breadcrumb"},"inLanguage":"en-US","potentialAction":[{"@type":"ReadAction","target":[["http://www.his.puc-rio.br/en/event/60-anos-do-comicio-da-central-e-o-lancamento-da-exposicao-rio-64-a-capital-do-golpe/"]]}]},{"@type":"BreadcrumbList","@id":"http://www.his.puc-rio.br/en/event/60-anos-do-comicio-da-central-e-o-lancamento-da-exposicao-rio-64-a-capital-do-golpe/#breadcrumb","itemListElement":[{"@type":"ListItem","position":1,"name":"Início","item":"http://www.his.puc-rio.br/en/"},{"@type":"ListItem","position":2,"name":"Eventos","item":"http://www.his.puc-rio.br/en/http-www-his-puc-rio-br-calendario/"},{"@type":"ListItem","position":3,"name":"60 anos do Comício da Central e o lançamento da exposição &#8220;Rio 64 &#8211; a capital do golpe&#8221;"}]},{"@type":"WebSite","@id":"http://www.his.puc-rio.br/en/#website","url":"http://www.his.puc-rio.br/en/","name":"Departamento de História da PUC-Rio","description":"Cursos de Graduação, Pós-graduação, Mestrado e Doutorado","potentialAction":[{"@type":"SearchAction","target":{"@type":"EntryPoint","urlTemplate":"http://www.his.puc-rio.br/en/?s={search_term_string}"},"query-input":{"@type":"PropertyValueSpecification","valueRequired":true,"valueName":"search_term_string"}}],"inLanguage":"en-US"}]}</script>
<!-- / Yoast SEO plugin. -->

60 anos do Comício da Central e o lançamento da exposição "Rio 64 - a capital do golpe" - Departamento de História da PUC-Rio

O Rio Memórias e a Associação Brasileira de Imprensa (ABI) convidam para evento sobre os 60 anos do Comício da Central e o lançamento da exposição &#8220;Rio 64 &#8211; a capital do golpe&#8221;, no dia 13 de março, às 16h. No evento da ABI...Leia mais..

Departamento de História da PUC-Rio

Início

Cursos de Graduação, Pós-graduação, Mestrado e Doutorado
