{"id":4677,"date":"2024-08-26T09:38:41","date_gmt":"2024-08-26T12:38:41","guid":{"rendered":"http:\/\/www.his.puc-rio.br\/pb\/?post_type=tribe_events&#038;p=4677"},"modified":"2024-11-29T10:31:27","modified_gmt":"2024-11-29T13:31:27","slug":"lancamento-coletivo-de-livros-de-historia-social-do-trabalho-na-america-latina-e-caribe","status":"publish","type":"tribe_events","link":"https:\/\/www.his.puc-rio.br\/pb\/event\/lancamento-coletivo-de-livros-de-historia-social-do-trabalho-na-america-latina-e-caribe\/","title":{"rendered":"Lan\u00e7amento coletivo de livros de Hist\u00f3ria Social do Trabalho na Am\u00e9rica Latina e Caribe."},"content":{"rendered":"<p><span style=\"color: #000000;\">Lan\u00e7amento coletivo de livros de Hist\u00f3ria Social do<\/span><br \/>\n<span style=\"color: #000000;\">Trabalho na Am\u00e9rica Latina e Caribe.<\/span><\/p>\n<p><span style=\"color: #000000;\">\u2756 Los Mundos del Trabajo: sociabilidad, resistencias y vidas en movimiento.<\/span><br \/>\n<span style=\"color: #000000;\">Fidel Rodr\u00edguez Vel\u00e1squez, Julimar Mora Silva e Maria Meneses Muro (org.)<\/span><br \/>\n<span style=\"color: #000000;\">\u2756 El blanqueamiento de la fuerza de trabajo en Santa Fe: transformaciones<\/span><br \/>\n<span style=\"color: #000000;\">demogr\u00e1ficas y laborales durante la segunda mitad del siglo XIX<\/span><br \/>\n<span style=\"color: #000000;\">Ariel Viola<\/span><br \/>\n<span style=\"color: #000000;\">\u2756 Tem pano para manga: Hist\u00f3rias do trabalho t\u00eaxtil no Brasil.<\/span><br \/>\n<span style=\"color: #000000;\">Felipe Ribeiro, Ju\u00e7ara Mello e Lucas Porto (org.)<\/span><\/p>\n<p dir=\"auto\"><span style=\"color: #000000;\">Data: 29 de novembro<\/span><\/p>\n<p dir=\"auto\"><span style=\"color: #000000;\">Hora: 14:00<\/span><\/p>\n<p dir=\"auto\"><span style=\"color: #000000;\">Local: Edif\u00edcio Cardeal Frings, Sala F301A, PUC-Rio<\/span><\/p>\n<p><\/p>","protected":false},"excerpt":{"rendered":"<p>Lan\u00e7amento coletivo de livros de Hist\u00f3ria Social do Trabalho na Am\u00e9rica Latina e Caribe. \u2756 Los Mundos del Trabajo: sociabilidad, resistencias y vidas en movimiento. Fidel Rodr\u00edguez Vel\u00e1squez, Julimar Mora Silva e Maria Meneses Muro (org.) \u2756 El blanqueamiento de<a class=\"moretag\" href=\"https:\/\/www.his.puc-rio.br\/pb\/event\/lancamento-coletivo-de-livros-de-historia-social-do-trabalho-na-america-latina-e-caribe\/\">&#8230;<\/a><\/br><a href=\"https:\/\/www.his.puc-rio.br\/pb\/event\/lancamento-coletivo-de-livros-de-historia-social-do-trabalho-na-america-latina-e-caribe\/\" class=\"read-more\">Leia mais..  <span class=\"glyphicon glyphicon-chevron-right\" ><\/span><\/a><\/p>\n","protected":false},"author":1,"featured_media":0,"comment_status":"closed","ping_status":"closed","template":"","meta":{"_tribe_events_status":"","_tribe_events_status_reason":"","footnotes":""},"tags":[],"tribe_events_cat":[],"yoast_head":"<!-- This site is optimized with the Yoast SEO plugin v23.5 - https:\/\/yoast.com\/wordpress\/plugins\/seo\/ -->\n<title>Lan\u00e7amento coletivo de livros de Hist\u00f3ria Social do Trabalho na Am\u00e9rica Latina e Caribe. - Departamento de Hist\u00f3ria da PUC-Rio<\/title>\n<meta name=\"robots\" content=\"index, follow, max-snippet:-1, max-image-preview:large, max-video-preview:-1\" \/>\n<link rel=\"canonical\" href=\"http:\/\/www.his.puc-rio.br\/pb\/event\/lancamento-coletivo-de-livros-de-historia-social-do-trabalho-na-america-latina-e-caribe\/\" \/>\n<meta property=\"og:locale\" content=\"pt_BR\" \/>\n<meta property=\"og:type\" content=\"article\" \/>\n<meta property=\"og:title\" content=\"Lan\u00e7amento coletivo de livros de Hist\u00f3ria Social do Trabalho na Am\u00e9rica Latina e Caribe. - Departamento de Hist\u00f3ria da PUC-Rio\" \/>\n<meta property=\"og:description\" content=\"Lan\u00e7amento coletivo de livros de Hist\u00f3ria Social do Trabalho na Am\u00e9rica Latina e Caribe. \u2756 Los Mundos del Trabajo: sociabilidad, resistencias y vidas en movimiento. Fidel Rodr\u00edguez Vel\u00e1squez, Julimar Mora Silva e Maria Meneses Muro (org.) \u2756 El blanqueamiento de...Leia mais..\" \/>\n<meta property=\"og:url\" content=\"http:\/\/www.his.puc-rio.br\/pb\/event\/lancamento-coletivo-de-livros-de-historia-social-do-trabalho-na-america-latina-e-caribe\/\" \/>\n<meta property=\"og:site_name\" content=\"Departamento de Hist\u00f3ria da PUC-Rio\" \/>\n<meta property=\"article:modified_time\" content=\"2024-11-29T13:31:27+00:00\" \/>\n<meta name=\"twitter:card\" content=\"summary_large_image\" \/>\n<meta name=\"twitter:label1\" content=\"Est. tempo de leitura\" \/>\n\t<meta name=\"twitter:data1\" content=\"1 minuto\" \/>\n<script type=\"application\/ld+json\" class=\"yoast-schema-graph\">{\"@context\":\"https:\/\/schema.org\",\"@graph\":[{\"@type\":\"WebPage\",\"@id\":\"http:\/\/www.his.puc-rio.br\/pb\/event\/lancamento-coletivo-de-livros-de-historia-social-do-trabalho-na-america-latina-e-caribe\/\",\"url\":\"http:\/\/www.his.puc-rio.br\/pb\/event\/lancamento-coletivo-de-livros-de-historia-social-do-trabalho-na-america-latina-e-caribe\/\",\"name\":\"Lan\u00e7amento coletivo de livros de Hist\u00f3ria Social do Trabalho na Am\u00e9rica Latina e Caribe. - Departamento de Hist\u00f3ria da PUC-Rio\",\"isPartOf\":{\"@id\":\"http:\/\/www.his.puc-rio.br\/pb\/#website\"},\"datePublished\":\"2024-08-26T12:38:41+00:00\",\"dateModified\":\"2024-11-29T13:31:27+00:00\",\"breadcrumb\":{\"@id\":\"http:\/\/www.his.puc-rio.br\/pb\/event\/lancamento-coletivo-de-livros-de-historia-social-do-trabalho-na-america-latina-e-caribe\/#breadcrumb\"},\"inLanguage\":\"pt-BR\",\"potentialAction\":[{\"@type\":\"ReadAction\",\"target\":[[\"http:\/\/www.his.puc-rio.br\/pb\/event\/lancamento-coletivo-de-livros-de-historia-social-do-trabalho-na-america-latina-e-caribe\/\"]]}]},{\"@type\":\"BreadcrumbList\",\"@id\":\"http:\/\/www.his.puc-rio.br\/pb\/event\/lancamento-coletivo-de-livros-de-historia-social-do-trabalho-na-america-latina-e-caribe\/#breadcrumb\",\"itemListElement\":[{\"@type\":\"ListItem\",\"position\":1,\"name\":\"In\u00edcio\",\"item\":\"http:\/\/www.his.puc-rio.br\/pb\/\"},{\"@type\":\"ListItem\",\"position\":2,\"name\":\"Eventos\",\"item\":\"http:\/\/www.his.puc-rio.br\/pb\/http-www-his-puc-rio-br-calendario\/\"},{\"@type\":\"ListItem\",\"position\":3,\"name\":\"Lan\u00e7amento coletivo de livros de Hist\u00f3ria Social do Trabalho na Am\u00e9rica Latina e Caribe.\"}]},{\"@type\":\"WebSite\",\"@id\":\"http:\/\/www.his.puc-rio.br\/pb\/#website\",\"url\":\"http:\/\/www.his.puc-rio.br\/pb\/\",\"name\":\"Departamento de Hist\u00f3ria da PUC-Rio\",\"description\":\"Cursos de Gradua\u00e7\u00e3o, P\u00f3s-gradua\u00e7\u00e3o, Mestrado e Doutorado\",\"potentialAction\":[{\"@type\":\"SearchAction\",\"target\":{\"@type\":\"EntryPoint\",\"urlTemplate\":\"http:\/\/www.his.puc-rio.br\/pb\/?s={search_term_string}\"},\"query-input\":{\"@type\":\"PropertyValueSpecification\",\"valueRequired\":true,\"valueName\":\"search_term_string\"}}],\"inLanguage\":\"pt-BR\"}]}<\/script>\n<!-- \/ Yoast SEO plugin. -->","yoast_head_json":{"title":"Lan\u00e7amento coletivo de livros de Hist\u00f3ria Social do Trabalho na Am\u00e9rica Latina e Caribe. - Departamento de Hist\u00f3ria da PUC-Rio","robots":{"index":"index","follow":"follow","max-snippet":"max-snippet:-1","max-image-preview":"max-image-preview:large","max-video-preview":"max-video-preview:-1"},"canonical":"http:\/\/www.his.puc-rio.br\/pb\/event\/lancamento-coletivo-de-livros-de-historia-social-do-trabalho-na-america-latina-e-caribe\/","og_locale":"pt_BR","og_type":"article","og_title":"Lan\u00e7amento coletivo de livros de Hist\u00f3ria Social do Trabalho na Am\u00e9rica Latina e Caribe. - Departamento de Hist\u00f3ria da PUC-Rio","og_description":"Lan\u00e7amento coletivo de livros de Hist\u00f3ria Social do Trabalho na Am\u00e9rica Latina e Caribe. \u2756 Los Mundos del Trabajo: sociabilidad, resistencias y vidas en movimiento. Fidel Rodr\u00edguez Vel\u00e1squez, Julimar Mora Silva e Maria Meneses Muro (org.) \u2756 El blanqueamiento de...Leia mais..","og_url":"http:\/\/www.his.puc-rio.br\/pb\/event\/lancamento-coletivo-de-livros-de-historia-social-do-trabalho-na-america-latina-e-caribe\/","og_site_name":"Departamento de Hist\u00f3ria da PUC-Rio","article_modified_time":"2024-11-29T13:31:27+00:00","twitter_card":"summary_large_image","twitter_misc":{"Est. tempo de leitura":"1 minuto"},"schema":{"@context":"https:\/\/schema.org","@graph":[{"@type":"WebPage","@id":"http:\/\/www.his.puc-rio.br\/pb\/event\/lancamento-coletivo-de-livros-de-historia-social-do-trabalho-na-america-latina-e-caribe\/","url":"http:\/\/www.his.puc-rio.br\/pb\/event\/lancamento-coletivo-de-livros-de-historia-social-do-trabalho-na-america-latina-e-caribe\/","name":"Lan\u00e7amento coletivo de livros de Hist\u00f3ria Social do Trabalho na Am\u00e9rica Latina e Caribe. - Departamento de Hist\u00f3ria da PUC-Rio","isPartOf":{"@id":"http:\/\/www.his.puc-rio.br\/pb\/#website"},"datePublished":"2024-08-26T12:38:41+00:00","dateModified":"2024-11-29T13:31:27+00:00","breadcrumb":{"@id":"http:\/\/www.his.puc-rio.br\/pb\/event\/lancamento-coletivo-de-livros-de-historia-social-do-trabalho-na-america-latina-e-caribe\/#breadcrumb"},"inLanguage":"pt-BR","potentialAction":[{"@type":"ReadAction","target":[["http:\/\/www.his.puc-rio.br\/pb\/event\/lancamento-coletivo-de-livros-de-historia-social-do-trabalho-na-america-latina-e-caribe\/"]]}]},{"@type":"BreadcrumbList","@id":"http:\/\/www.his.puc-rio.br\/pb\/event\/lancamento-coletivo-de-livros-de-historia-social-do-trabalho-na-america-latina-e-caribe\/#breadcrumb","itemListElement":[{"@type":"ListItem","position":1,"name":"In\u00edcio","item":"http:\/\/www.his.puc-rio.br\/pb\/"},{"@type":"ListItem","position":2,"name":"Eventos","item":"http:\/\/www.his.puc-rio.br\/pb\/http-www-his-puc-rio-br-calendario\/"},{"@type":"ListItem","position":3,"name":"Lan\u00e7amento coletivo de livros de Hist\u00f3ria Social do Trabalho na Am\u00e9rica Latina e Caribe."}]},{"@type":"WebSite","@id":"http:\/\/www.his.puc-rio.br\/pb\/#website","url":"http:\/\/www.his.puc-rio.br\/pb\/","name":"Departamento de Hist\u00f3ria da PUC-Rio","description":"Cursos de Gradua\u00e7\u00e3o, P\u00f3s-gradua\u00e7\u00e3o, Mestrado e Doutorado","potentialAction":[{"@type":"SearchAction","target":{"@type":"EntryPoint","urlTemplate":"http:\/\/www.his.puc-rio.br\/pb\/?s={search_term_string}"},"query-input":{"@type":"PropertyValueSpecification","valueRequired":true,"valueName":"search_term_string"}}],"inLanguage":"pt-BR"}]}},"_links":{"self":[{"href":"https:\/\/www.his.puc-rio.br\/pb\/wp-json\/wp\/v2\/tribe_events\/4677"}],"collection":[{"href":"https:\/\/www.his.puc-rio.br\/pb\/wp-json\/wp\/v2\/tribe_events"}],"about":[{"href":"https:\/\/www.his.puc-rio.br\/pb\/wp-json\/wp\/v2\/types\/tribe_events"}],"author":[{"embeddable":true,"href":"https:\/\/www.his.puc-rio.br\/pb\/wp-json\/wp\/v2\/users\/1"}],"replies":[{"embeddable":true,"href":"https:\/\/www.his.puc-rio.br\/pb\/wp-json\/wp\/v2\/comments?post=4677"}],"version-history":[{"count":2,"href":"https:\/\/www.his.puc-rio.br\/pb\/wp-json\/wp\/v2\/tribe_events\/4677\/revisions"}],"predecessor-version":[{"id":4766,"href":"https:\/\/www.his.puc-rio.br\/pb\/wp-json\/wp\/v2\/tribe_events\/4677\/revisions\/4766"}],"wp:attachment":[{"href":"https:\/\/www.his.puc-rio.br\/pb\/wp-json\/wp\/v2\/media?parent=4677"}],"wp:term":[{"taxonomy":"post_tag","embeddable":true,"href":"https:\/\/www.his.puc-rio.br\/pb\/wp-json\/wp\/v2\/tags?post=4677"},{"taxonomy":"tribe_events_cat","embeddable":true,"href":"https:\/\/www.his.puc-rio.br\/pb\/wp-json\/wp\/v2\/tribe_events_cat?post=4677"}],"curies":[{"name":"wp","href":"https:\/\/api.w.org\/{rel}","templated":true}]}}

Lançamento coletivo de livros de História Social do Trabalho na América Latina e Caribe.

<p><span style="color: #000000;">Lançamento coletivo de livros de História Social do</span><br />
<span style="color: #000000;">Trabalho na América Latina e Caribe.</span></p>
<p><span style="color: #000000;">❖ Los Mundos del Trabajo: sociabilidad, resistencias y vidas en movimiento.</span><br />
<span style="color: #000000;">Fidel Rodríguez Velásquez, Julimar Mora Silva e Maria Meneses Muro (org.)</span><br />
<span style="color: #000000;">❖ El blanqueamiento de la fuerza de trabajo en Santa Fe: transformaciones</span><br />
<span style="color: #000000;">demográficas y laborales durante la segunda mitad del siglo XIX</span><br />
<span style="color: #000000;">Ariel Viola</span><br />
<span style="color: #000000;">❖ Tem pano para manga: Histórias do trabalho têxtil no Brasil.</span><br />
<span style="color: #000000;">Felipe Ribeiro, Juçara Mello e Lucas Porto (org.)</span></p>
<p dir="auto"><span style="color: #000000;">Data: 29 de novembro</span></p>
<p dir="auto"><span style="color: #000000;">Hora: 14:00</span></p>
<p dir="auto"><span style="color: #000000;">Local: Edifício Cardeal Frings, Sala F301A, PUC-Rio</span></p>
<p></p>

<p>Lançamento coletivo de livros de História Social do Trabalho na América Latina e Caribe. ❖ Los Mundos del Trabajo: sociabilidad, resistencias y vidas en movimiento. Fidel Rodríguez Velásquez, Julimar Mora Silva e Maria Meneses Muro (org.) ❖ El blanqueamiento de<a class="moretag" href="https://www.his.puc-rio.br/pb/event/lancamento-coletivo-de-livros-de-historia-social-do-trabalho-na-america-latina-e-caribe/">&#8230;</a></br><a href="https://www.his.puc-rio.br/pb/event/lancamento-coletivo-de-livros-de-historia-social-do-trabalho-na-america-latina-e-caribe/" class="read-more">Leia mais..  <span class="glyphicon glyphicon-chevron-right" ></span></a></p>

<!-- This site is optimized with the Yoast SEO plugin v23.5 - https://yoast.com/wordpress/plugins/seo/ -->
<title>Lançamento coletivo de livros de História Social do Trabalho na América Latina e Caribe. - Departamento de História da PUC-Rio</title>
<meta name="robots" content="index, follow, max-snippet:-1, max-image-preview:large, max-video-preview:-1" />
<link rel="canonical" href="http://www.his.puc-rio.br/pb/event/lancamento-coletivo-de-livros-de-historia-social-do-trabalho-na-america-latina-e-caribe/" />
<meta property="og:locale" content="pt_BR" />
<meta property="og:type" content="article" />
<meta property="og:title" content="Lançamento coletivo de livros de História Social do Trabalho na América Latina e Caribe. - Departamento de História da PUC-Rio" />
<meta property="og:description" content="Lançamento coletivo de livros de História Social do Trabalho na América Latina e Caribe. ❖ Los Mundos del Trabajo: sociabilidad, resistencias y vidas en movimiento. Fidel Rodríguez Velásquez, Julimar Mora Silva e Maria Meneses Muro (org.) ❖ El blanqueamiento de...Leia mais.." />
<meta property="og:url" content="http://www.his.puc-rio.br/pb/event/lancamento-coletivo-de-livros-de-historia-social-do-trabalho-na-america-latina-e-caribe/" />
<meta property="og:site_name" content="Departamento de História da PUC-Rio" />
<meta property="article:modified_time" content="2024-11-29T13:31:27+00:00" />
<meta name="twitter:card" content="summary_large_image" />
<meta name="twitter:label1" content="Est. tempo de leitura" />
	<meta name="twitter:data1" content="1 minuto" />
<script type="application/ld+json" class="yoast-schema-graph">{"@context":"https://schema.org","@graph":[{"@type":"WebPage","@id":"http://www.his.puc-rio.br/pb/event/lancamento-coletivo-de-livros-de-historia-social-do-trabalho-na-america-latina-e-caribe/","url":"http://www.his.puc-rio.br/pb/event/lancamento-coletivo-de-livros-de-historia-social-do-trabalho-na-america-latina-e-caribe/","name":"Lançamento coletivo de livros de História Social do Trabalho na América Latina e Caribe. - Departamento de História da PUC-Rio","isPartOf":{"@id":"http://www.his.puc-rio.br/pb/#website"},"datePublished":"2024-08-26T12:38:41+00:00","dateModified":"2024-11-29T13:31:27+00:00","breadcrumb":{"@id":"http://www.his.puc-rio.br/pb/event/lancamento-coletivo-de-livros-de-historia-social-do-trabalho-na-america-latina-e-caribe/#breadcrumb"},"inLanguage":"pt-BR","potentialAction":[{"@type":"ReadAction","target":[["http://www.his.puc-rio.br/pb/event/lancamento-coletivo-de-livros-de-historia-social-do-trabalho-na-america-latina-e-caribe/"]]}]},{"@type":"BreadcrumbList","@id":"http://www.his.puc-rio.br/pb/event/lancamento-coletivo-de-livros-de-historia-social-do-trabalho-na-america-latina-e-caribe/#breadcrumb","itemListElement":[{"@type":"ListItem","position":1,"name":"Início","item":"http://www.his.puc-rio.br/pb/"},{"@type":"ListItem","position":2,"name":"Eventos","item":"http://www.his.puc-rio.br/pb/http-www-his-puc-rio-br-calendario/"},{"@type":"ListItem","position":3,"name":"Lançamento coletivo de livros de História Social do Trabalho na América Latina e Caribe."}]},{"@type":"WebSite","@id":"http://www.his.puc-rio.br/pb/#website","url":"http://www.his.puc-rio.br/pb/","name":"Departamento de História da PUC-Rio","description":"Cursos de Graduação, Pós-graduação, Mestrado e Doutorado","potentialAction":[{"@type":"SearchAction","target":{"@type":"EntryPoint","urlTemplate":"http://www.his.puc-rio.br/pb/?s={search_term_string}"},"query-input":{"@type":"PropertyValueSpecification","valueRequired":true,"valueName":"search_term_string"}}],"inLanguage":"pt-BR"}]}</script>
<!-- / Yoast SEO plugin. -->

Lançamento coletivo de livros de História Social do Trabalho na América Latina e Caribe. - Departamento de História da PUC-Rio

Lançamento coletivo de livros de História Social do Trabalho na América Latina e Caribe. ❖ Los Mundos del Trabajo: sociabilidad, resistencias y vidas en movimiento. Fidel Rodríguez Velásquez, Julimar Mora Silva e Maria Meneses Muro (org.) ❖ El blanqueamiento de...Leia mais..

Departamento de História da PUC-Rio

Início

Cursos de Graduação, Pós-graduação, Mestrado e Doutorado
