{"id":4808,"date":"2025-03-13T10:59:36","date_gmt":"2025-03-13T13:59:36","guid":{"rendered":"http:\/\/www.his.puc-rio.br\/pb\/?post_type=tribe_events&#038;p=4808"},"modified":"2025-03-13T10:59:36","modified_gmt":"2025-03-13T13:59:36","slug":"minicurso-imprensa-feminina-espaco-publico-e-estrategias-associativas-em-torno-da-questao-das-mulheres-na-america-latina-do-seculo-xix","status":"publish","type":"tribe_events","link":"https:\/\/www.his.puc-rio.br\/pb\/event\/minicurso-imprensa-feminina-espaco-publico-e-estrategias-associativas-em-torno-da-questao-das-mulheres-na-america-latina-do-seculo-xix\/","title":{"rendered":"Minicurso &#8211;  Imprensa feminina, espa\u00e7o p\u00fablico e estrat\u00e9gias associativas em torno da &#8220;quest\u00e3o das mulheres&#8221; na Am\u00e9rica Latina do s\u00e9culo XIX"},"content":{"rendered":"","protected":false},"excerpt":{"rendered":"","protected":false},"author":1,"featured_media":0,"comment_status":"closed","ping_status":"closed","template":"","meta":{"_tribe_events_status":"","_tribe_events_status_reason":"","footnotes":""},"tags":[],"tribe_events_cat":[],"yoast_head":"<!-- This site is optimized with the Yoast SEO plugin v23.5 - https:\/\/yoast.com\/wordpress\/plugins\/seo\/ -->\n<title>Minicurso - Imprensa feminina, espa\u00e7o p\u00fablico e estrat\u00e9gias associativas em torno da &quot;quest\u00e3o das mulheres&quot; na Am\u00e9rica Latina do s\u00e9culo XIX - Departamento de Hist\u00f3ria da PUC-Rio<\/title>\n<meta name=\"robots\" content=\"index, follow, max-snippet:-1, max-image-preview:large, max-video-preview:-1\" \/>\n<link rel=\"canonical\" href=\"http:\/\/www.his.puc-rio.br\/pb\/event\/minicurso-imprensa-feminina-espaco-publico-e-estrategias-associativas-em-torno-da-questao-das-mulheres-na-america-latina-do-seculo-xix\/\" \/>\n<meta property=\"og:locale\" content=\"pt_BR\" \/>\n<meta property=\"og:type\" content=\"article\" \/>\n<meta property=\"og:title\" content=\"Minicurso - Imprensa feminina, espa\u00e7o p\u00fablico e estrat\u00e9gias associativas em torno da &quot;quest\u00e3o das mulheres&quot; na Am\u00e9rica Latina do s\u00e9culo XIX - Departamento de Hist\u00f3ria da PUC-Rio\" \/>\n<meta property=\"og:url\" content=\"http:\/\/www.his.puc-rio.br\/pb\/event\/minicurso-imprensa-feminina-espaco-publico-e-estrategias-associativas-em-torno-da-questao-das-mulheres-na-america-latina-do-seculo-xix\/\" \/>\n<meta property=\"og:site_name\" content=\"Departamento de Hist\u00f3ria da PUC-Rio\" \/>\n<meta name=\"twitter:card\" content=\"summary_large_image\" \/>\n<script type=\"application\/ld+json\" class=\"yoast-schema-graph\">{\"@context\":\"https:\/\/schema.org\",\"@graph\":[{\"@type\":\"WebPage\",\"@id\":\"http:\/\/www.his.puc-rio.br\/pb\/event\/minicurso-imprensa-feminina-espaco-publico-e-estrategias-associativas-em-torno-da-questao-das-mulheres-na-america-latina-do-seculo-xix\/\",\"url\":\"http:\/\/www.his.puc-rio.br\/pb\/event\/minicurso-imprensa-feminina-espaco-publico-e-estrategias-associativas-em-torno-da-questao-das-mulheres-na-america-latina-do-seculo-xix\/\",\"name\":\"Minicurso - Imprensa feminina, espa\u00e7o p\u00fablico e estrat\u00e9gias associativas em torno da \\\"quest\u00e3o das mulheres\\\" na Am\u00e9rica Latina do s\u00e9culo XIX - Departamento de Hist\u00f3ria da PUC-Rio\",\"isPartOf\":{\"@id\":\"http:\/\/www.his.puc-rio.br\/pb\/#website\"},\"datePublished\":\"2025-03-13T13:59:36+00:00\",\"dateModified\":\"2025-03-13T13:59:36+00:00\",\"breadcrumb\":{\"@id\":\"http:\/\/www.his.puc-rio.br\/pb\/event\/minicurso-imprensa-feminina-espaco-publico-e-estrategias-associativas-em-torno-da-questao-das-mulheres-na-america-latina-do-seculo-xix\/#breadcrumb\"},\"inLanguage\":\"pt-BR\",\"potentialAction\":[{\"@type\":\"ReadAction\",\"target\":[[\"http:\/\/www.his.puc-rio.br\/pb\/event\/minicurso-imprensa-feminina-espaco-publico-e-estrategias-associativas-em-torno-da-questao-das-mulheres-na-america-latina-do-seculo-xix\/\"]]}]},{\"@type\":\"BreadcrumbList\",\"@id\":\"http:\/\/www.his.puc-rio.br\/pb\/event\/minicurso-imprensa-feminina-espaco-publico-e-estrategias-associativas-em-torno-da-questao-das-mulheres-na-america-latina-do-seculo-xix\/#breadcrumb\",\"itemListElement\":[{\"@type\":\"ListItem\",\"position\":1,\"name\":\"In\u00edcio\",\"item\":\"http:\/\/www.his.puc-rio.br\/pb\/\"},{\"@type\":\"ListItem\",\"position\":2,\"name\":\"Eventos\",\"item\":\"http:\/\/www.his.puc-rio.br\/pb\/http-www-his-puc-rio-br-calendario\/\"},{\"@type\":\"ListItem\",\"position\":3,\"name\":\"Minicurso &#8211; Imprensa feminina, espa\u00e7o p\u00fablico e estrat\u00e9gias associativas em torno da &#8220;quest\u00e3o das mulheres&#8221; na Am\u00e9rica Latina do s\u00e9culo XIX\"}]},{\"@type\":\"WebSite\",\"@id\":\"http:\/\/www.his.puc-rio.br\/pb\/#website\",\"url\":\"http:\/\/www.his.puc-rio.br\/pb\/\",\"name\":\"Departamento de Hist\u00f3ria da PUC-Rio\",\"description\":\"Cursos de Gradua\u00e7\u00e3o, P\u00f3s-gradua\u00e7\u00e3o, Mestrado e Doutorado\",\"potentialAction\":[{\"@type\":\"SearchAction\",\"target\":{\"@type\":\"EntryPoint\",\"urlTemplate\":\"http:\/\/www.his.puc-rio.br\/pb\/?s={search_term_string}\"},\"query-input\":{\"@type\":\"PropertyValueSpecification\",\"valueRequired\":true,\"valueName\":\"search_term_string\"}}],\"inLanguage\":\"pt-BR\"}]}<\/script>\n<!-- \/ Yoast SEO plugin. -->","yoast_head_json":{"title":"Minicurso - Imprensa feminina, espa\u00e7o p\u00fablico e estrat\u00e9gias associativas em torno da \"quest\u00e3o das mulheres\" na Am\u00e9rica Latina do s\u00e9culo XIX - Departamento de Hist\u00f3ria da PUC-Rio","robots":{"index":"index","follow":"follow","max-snippet":"max-snippet:-1","max-image-preview":"max-image-preview:large","max-video-preview":"max-video-preview:-1"},"canonical":"http:\/\/www.his.puc-rio.br\/pb\/event\/minicurso-imprensa-feminina-espaco-publico-e-estrategias-associativas-em-torno-da-questao-das-mulheres-na-america-latina-do-seculo-xix\/","og_locale":"pt_BR","og_type":"article","og_title":"Minicurso - Imprensa feminina, espa\u00e7o p\u00fablico e estrat\u00e9gias associativas em torno da \"quest\u00e3o das mulheres\" na Am\u00e9rica Latina do s\u00e9culo XIX - Departamento de Hist\u00f3ria da PUC-Rio","og_url":"http:\/\/www.his.puc-rio.br\/pb\/event\/minicurso-imprensa-feminina-espaco-publico-e-estrategias-associativas-em-torno-da-questao-das-mulheres-na-america-latina-do-seculo-xix\/","og_site_name":"Departamento de Hist\u00f3ria da PUC-Rio","twitter_card":"summary_large_image","schema":{"@context":"https:\/\/schema.org","@graph":[{"@type":"WebPage","@id":"http:\/\/www.his.puc-rio.br\/pb\/event\/minicurso-imprensa-feminina-espaco-publico-e-estrategias-associativas-em-torno-da-questao-das-mulheres-na-america-latina-do-seculo-xix\/","url":"http:\/\/www.his.puc-rio.br\/pb\/event\/minicurso-imprensa-feminina-espaco-publico-e-estrategias-associativas-em-torno-da-questao-das-mulheres-na-america-latina-do-seculo-xix\/","name":"Minicurso - Imprensa feminina, espa\u00e7o p\u00fablico e estrat\u00e9gias associativas em torno da \"quest\u00e3o das mulheres\" na Am\u00e9rica Latina do s\u00e9culo XIX - Departamento de Hist\u00f3ria da PUC-Rio","isPartOf":{"@id":"http:\/\/www.his.puc-rio.br\/pb\/#website"},"datePublished":"2025-03-13T13:59:36+00:00","dateModified":"2025-03-13T13:59:36+00:00","breadcrumb":{"@id":"http:\/\/www.his.puc-rio.br\/pb\/event\/minicurso-imprensa-feminina-espaco-publico-e-estrategias-associativas-em-torno-da-questao-das-mulheres-na-america-latina-do-seculo-xix\/#breadcrumb"},"inLanguage":"pt-BR","potentialAction":[{"@type":"ReadAction","target":[["http:\/\/www.his.puc-rio.br\/pb\/event\/minicurso-imprensa-feminina-espaco-publico-e-estrategias-associativas-em-torno-da-questao-das-mulheres-na-america-latina-do-seculo-xix\/"]]}]},{"@type":"BreadcrumbList","@id":"http:\/\/www.his.puc-rio.br\/pb\/event\/minicurso-imprensa-feminina-espaco-publico-e-estrategias-associativas-em-torno-da-questao-das-mulheres-na-america-latina-do-seculo-xix\/#breadcrumb","itemListElement":[{"@type":"ListItem","position":1,"name":"In\u00edcio","item":"http:\/\/www.his.puc-rio.br\/pb\/"},{"@type":"ListItem","position":2,"name":"Eventos","item":"http:\/\/www.his.puc-rio.br\/pb\/http-www-his-puc-rio-br-calendario\/"},{"@type":"ListItem","position":3,"name":"Minicurso &#8211; Imprensa feminina, espa\u00e7o p\u00fablico e estrat\u00e9gias associativas em torno da &#8220;quest\u00e3o das mulheres&#8221; na Am\u00e9rica Latina do s\u00e9culo XIX"}]},{"@type":"WebSite","@id":"http:\/\/www.his.puc-rio.br\/pb\/#website","url":"http:\/\/www.his.puc-rio.br\/pb\/","name":"Departamento de Hist\u00f3ria da PUC-Rio","description":"Cursos de Gradua\u00e7\u00e3o, P\u00f3s-gradua\u00e7\u00e3o, Mestrado e Doutorado","potentialAction":[{"@type":"SearchAction","target":{"@type":"EntryPoint","urlTemplate":"http:\/\/www.his.puc-rio.br\/pb\/?s={search_term_string}"},"query-input":{"@type":"PropertyValueSpecification","valueRequired":true,"valueName":"search_term_string"}}],"inLanguage":"pt-BR"}]}},"_links":{"self":[{"href":"https:\/\/www.his.puc-rio.br\/pb\/wp-json\/wp\/v2\/tribe_events\/4808"}],"collection":[{"href":"https:\/\/www.his.puc-rio.br\/pb\/wp-json\/wp\/v2\/tribe_events"}],"about":[{"href":"https:\/\/www.his.puc-rio.br\/pb\/wp-json\/wp\/v2\/types\/tribe_events"}],"author":[{"embeddable":true,"href":"https:\/\/www.his.puc-rio.br\/pb\/wp-json\/wp\/v2\/users\/1"}],"replies":[{"embeddable":true,"href":"https:\/\/www.his.puc-rio.br\/pb\/wp-json\/wp\/v2\/comments?post=4808"}],"version-history":[{"count":1,"href":"https:\/\/www.his.puc-rio.br\/pb\/wp-json\/wp\/v2\/tribe_events\/4808\/revisions"}],"predecessor-version":[{"id":4809,"href":"https:\/\/www.his.puc-rio.br\/pb\/wp-json\/wp\/v2\/tribe_events\/4808\/revisions\/4809"}],"wp:attachment":[{"href":"https:\/\/www.his.puc-rio.br\/pb\/wp-json\/wp\/v2\/media?parent=4808"}],"wp:term":[{"taxonomy":"post_tag","embeddable":true,"href":"https:\/\/www.his.puc-rio.br\/pb\/wp-json\/wp\/v2\/tags?post=4808"},{"taxonomy":"tribe_events_cat","embeddable":true,"href":"https:\/\/www.his.puc-rio.br\/pb\/wp-json\/wp\/v2\/tribe_events_cat?post=4808"}],"curies":[{"name":"wp","href":"https:\/\/api.w.org\/{rel}","templated":true}]}}

Minicurso &#8211;  Imprensa feminina, espaço público e estratégias associativas em torno da &#8220;questão das mulheres&#8221; na América Latina do século XIX

<!-- This site is optimized with the Yoast SEO plugin v23.5 - https://yoast.com/wordpress/plugins/seo/ -->
<title>Minicurso - Imprensa feminina, espaço público e estratégias associativas em torno da &quot;questão das mulheres&quot; na América Latina do século XIX - Departamento de História da PUC-Rio</title>
<meta name="robots" content="index, follow, max-snippet:-1, max-image-preview:large, max-video-preview:-1" />
<link rel="canonical" href="http://www.his.puc-rio.br/pb/event/minicurso-imprensa-feminina-espaco-publico-e-estrategias-associativas-em-torno-da-questao-das-mulheres-na-america-latina-do-seculo-xix/" />
<meta property="og:locale" content="pt_BR" />
<meta property="og:type" content="article" />
<meta property="og:title" content="Minicurso - Imprensa feminina, espaço público e estratégias associativas em torno da &quot;questão das mulheres&quot; na América Latina do século XIX - Departamento de História da PUC-Rio" />
<meta property="og:url" content="http://www.his.puc-rio.br/pb/event/minicurso-imprensa-feminina-espaco-publico-e-estrategias-associativas-em-torno-da-questao-das-mulheres-na-america-latina-do-seculo-xix/" />
<meta property="og:site_name" content="Departamento de História da PUC-Rio" />
<meta name="twitter:card" content="summary_large_image" />
<script type="application/ld+json" class="yoast-schema-graph">{"@context":"https://schema.org","@graph":[{"@type":"WebPage","@id":"http://www.his.puc-rio.br/pb/event/minicurso-imprensa-feminina-espaco-publico-e-estrategias-associativas-em-torno-da-questao-das-mulheres-na-america-latina-do-seculo-xix/","url":"http://www.his.puc-rio.br/pb/event/minicurso-imprensa-feminina-espaco-publico-e-estrategias-associativas-em-torno-da-questao-das-mulheres-na-america-latina-do-seculo-xix/","name":"Minicurso - Imprensa feminina, espaço público e estratégias associativas em torno da \"questão das mulheres\" na América Latina do século XIX - Departamento de História da PUC-Rio","isPartOf":{"@id":"http://www.his.puc-rio.br/pb/#website"},"datePublished":"2025-03-13T13:59:36+00:00","dateModified":"2025-03-13T13:59:36+00:00","breadcrumb":{"@id":"http://www.his.puc-rio.br/pb/event/minicurso-imprensa-feminina-espaco-publico-e-estrategias-associativas-em-torno-da-questao-das-mulheres-na-america-latina-do-seculo-xix/#breadcrumb"},"inLanguage":"pt-BR","potentialAction":[{"@type":"ReadAction","target":[["http://www.his.puc-rio.br/pb/event/minicurso-imprensa-feminina-espaco-publico-e-estrategias-associativas-em-torno-da-questao-das-mulheres-na-america-latina-do-seculo-xix/"]]}]},{"@type":"BreadcrumbList","@id":"http://www.his.puc-rio.br/pb/event/minicurso-imprensa-feminina-espaco-publico-e-estrategias-associativas-em-torno-da-questao-das-mulheres-na-america-latina-do-seculo-xix/#breadcrumb","itemListElement":[{"@type":"ListItem","position":1,"name":"Início","item":"http://www.his.puc-rio.br/pb/"},{"@type":"ListItem","position":2,"name":"Eventos","item":"http://www.his.puc-rio.br/pb/http-www-his-puc-rio-br-calendario/"},{"@type":"ListItem","position":3,"name":"Minicurso &#8211; Imprensa feminina, espaço público e estratégias associativas em torno da &#8220;questão das mulheres&#8221; na América Latina do século XIX"}]},{"@type":"WebSite","@id":"http://www.his.puc-rio.br/pb/#website","url":"http://www.his.puc-rio.br/pb/","name":"Departamento de História da PUC-Rio","description":"Cursos de Graduação, Pós-graduação, Mestrado e Doutorado","potentialAction":[{"@type":"SearchAction","target":{"@type":"EntryPoint","urlTemplate":"http://www.his.puc-rio.br/pb/?s={search_term_string}"},"query-input":{"@type":"PropertyValueSpecification","valueRequired":true,"valueName":"search_term_string"}}],"inLanguage":"pt-BR"}]}</script>
<!-- / Yoast SEO plugin. -->

Minicurso - Imprensa feminina, espaço público e estratégias associativas em torno da "questão das mulheres" na América Latina do século XIX - Departamento de História da PUC-Rio

Departamento de História da PUC-Rio

Início

Minicurso &#8211; Imprensa feminina, espaço público e estratégias associativas em torno da &#8220;questão das mulheres&#8221; na América Latina do século XIX

Cursos de Graduação, Pós-graduação, Mestrado e Doutorado
